{"id":604,"date":"2020-01-05T11:33:38","date_gmt":"2020-01-05T10:33:38","guid":{"rendered":"http:\/\/192.168.1.50\/wordpress\/?page_id=604"},"modified":"2022-05-21T17:43:23","modified_gmt":"2022-05-21T15:43:23","slug":"ma-presentation","status":"publish","type":"page","link":"https:\/\/www.bokura.fr\/wordpress\/?page_id=604","title":{"rendered":"About me"},"content":{"rendered":"\r\n<p><strong>3 voyages, ou presque &#8230;<\/strong><\/p>\r\n\r\n\r\n\r\n<p>Amoureux du Japon depuis tout petit, j&rsquo;ai toujours accroch\u00e9 aux diff\u00e9rents univers.<br \/>Naturellement tout \u00e0 commenc\u00e9 avec les anim\u00e9s, puis les films d&rsquo;animations &#8230;<br \/><br \/>L&rsquo;amour va plus loin lorsqu&rsquo;en Mars 2014, je r\u00e9alise mon premier voyage au pays du soleil levant.<br \/>Un voyage de 3 semaines, \u00e0 travers le Japon Tokyo, Kyoto, Osaka, Hiroshima &#8230; <br \/>Ce premier voyage s\u2019ach\u00e8ve avec une id\u00e9e en t\u00eate&#8230; repartir !<br \/><br \/>C&rsquo;est finalement en Novembre 2017, que je r\u00e9alise un nouveau voyage, mais cette fois ci, uniquement \u00e0 Tokyo. Il y a tellement \u00e0 faire et \u00e0 refaire dans la capitale. <br \/><br \/>En 2019 j&rsquo;ai une nouvelle opportunit\u00e9, retourner et faire visiter le Japon.<br \/>C&rsquo;est donc moi qui suis en charge de tout organiser.<\/p>\r\n\r\n\r\n\r\n<p><strong>Avril 2020<\/strong><\/p>\r\n\r\n\r\n\r\n<p>Apr\u00e8s plusieurs changements de date\/p\u00e9riode, c&rsquo;est d\u00e9sormais d\u00e9cid\u00e9, le voyage se fera fin Mars &#8211; d\u00e9but Avril 2020. Il s&rsquo;agit des m\u00eames dates que mon premier voyage en 2014. Je pourrais donc comparer le Japon avec 6 ans d&rsquo;\u00e9cart.<\/p>\r\n\r\n\r\n\r\n<p><strong>Et d\u00e9j\u00e0 des id\u00e9es plein la t\u00eate<\/strong><\/p>\r\n\r\n\r\n\r\n<p>Un quatri\u00e8me voyage est d\u00e9j\u00e0 dans la t\u00eate, avec notamment l&rsquo;envie de visiter l&rsquo;arri\u00e8re pays, mais pour l&rsquo;instant pas de date fix\u00e9e.<\/p>\r\n\r\n\r\n<hr class=\"wp-block-separator\" \/>\r\n\r\n\r\n<p class=\"has-very-light-gray-background-color has-background\">Update de septembre 2020 :<\/p>\r\n\r\n\r\n\r\n<p>Finalement je ne suis pas parti, l&rsquo;ann\u00e9e 2020 marqu\u00e9e par le COVID aura eu raison du voyage, mais le blog vit, le planning est pr\u00eat \u00e0 \u00eatre transposer d\u00e8s que l&rsquo;on pourra de nouveau voyager.<br \/><br \/>Le projet du 4\u00e8me voyage devient une r\u00e9alit\u00e9, 2023 l&rsquo;ann\u00e9e est choisie, il reste a avoir des id\u00e9es et trouver les meilleures dates suivant les festivals etc &#8230;<\/p>\r\n\r\n\r\n<hr class=\"wp-block-separator\" \/>\r\n\r\n\r\n<p class=\"has-very-light-gray-background-color has-background\">Update de Janvier 2021 :<\/p>\r\n\r\n\r\n\r\n<p>Nouvelle ann\u00e9e, esp\u00e9rant enfin pouvoir partir, m\u00eame si c&rsquo;est mal parti. Le Japon vient tout juste de refermer ces fronti\u00e8res \u00e0 tous les \u00e9trangers et ce jusqu&rsquo;\u00e0 fin janvier.<br \/>Mais 2021 cela va bient\u00f4t faire 1 an qu&rsquo;on ne peut pas voyager, je doute que le Japon puisse se permettre de bloquer les touristes une 2\u00e8me ann\u00e9e de suite pendant les sakura (mars- avril) , d&rsquo;autant que le parc Nintendo va ouvrir en d\u00e9but d&rsquo;ann\u00e9e (f\u00e9vrier). Et pour couronner le tout les JO de 2020, repouss\u00e9s \u00e0 Juin 2021 &#8230; Il faudra bien que les fronti\u00e8res soient ouvertes, mais dans qu&rsquo;elles conditions ?!<br \/>Bref pour l&rsquo;instant mon \u00e9tat d&rsquo;esprit pour le voyage de mars 2020, est plut\u00f4t de partir en Novembre 2021 de mani\u00e8re.<\/p>\r\n\r\n\r\n\r\n<p>&nbsp;<\/p>\r\n","protected":false},"excerpt":{"rendered":"<p>3 voyages, ou presque &#8230; Amoureux du Japon depuis tout petit, j&rsquo;ai toujours accroch\u00e9 aux diff\u00e9rents univers.Naturellement tout \u00e0 commenc\u00e9 avec les anim\u00e9s, puis les films d&rsquo;animations &#8230; L&rsquo;amour va plus loin lorsqu&rsquo;en Mars 2014, je r\u00e9alise mon premier voyage au pays du soleil levant.Un voyage de 3 semaines, \u00e0 travers le Japon Tokyo, Kyoto, [&hellip;]<\/p>\n","protected":false},"author":1,"featured_media":0,"parent":0,"menu_order":2,"comment_status":"closed","ping_status":"closed","template":"","meta":{"footnotes":""},"class_list":["post-604","page","type-page","status-publish","hentry"],"jetpack_sharing_enabled":true,"_links":{"self":[{"href":"https:\/\/www.bokura.fr\/wordpress\/index.php?rest_route=\/wp\/v2\/pages\/604","targetHints":{"allow":["GET"]}}],"collection":[{"href":"https:\/\/www.bokura.fr\/wordpress\/index.php?rest_route=\/wp\/v2\/pages"}],"about":[{"href":"https:\/\/www.bokura.fr\/wordpress\/index.php?rest_route=\/wp\/v2\/types\/page"}],"author":[{"embeddable":true,"href":"https:\/\/www.bokura.fr\/wordpress\/index.php?rest_route=\/wp\/v2\/users\/1"}],"replies":[{"embeddable":true,"href":"https:\/\/www.bokura.fr\/wordpress\/index.php?rest_route=%2Fwp%2Fv2%2Fcomments&post=604"}],"version-history":[{"count":6,"href":"https:\/\/www.bokura.fr\/wordpress\/index.php?rest_route=\/wp\/v2\/pages\/604\/revisions"}],"predecessor-version":[{"id":1318,"href":"https:\/\/www.bokura.fr\/wordpress\/index.php?rest_route=\/wp\/v2\/pages\/604\/revisions\/1318"}],"wp:attachment":[{"href":"https:\/\/www.bokura.fr\/wordpress\/index.php?rest_route=%2Fwp%2Fv2%2Fmedia&parent=604"}],"curies":[{"name":"wp","href":"https:\/\/api.w.org\/{rel}","templated":true}]}}

<p><strong>3 voyages, ou presque &#8230;</strong></p>



<p>Amoureux du Japon depuis tout petit, j&rsquo;ai toujours accroché aux différents univers.<br />Naturellement tout à commencé avec les animés, puis les films d&rsquo;animations &#8230;<br /><br />L&rsquo;amour va plus loin lorsqu&rsquo;en Mars 2014, je réalise mon premier voyage au pays du soleil levant.<br />Un voyage de 3 semaines, à travers le Japon Tokyo, Kyoto, Osaka, Hiroshima &#8230; <br />Ce premier voyage s’achève avec une idée en tête&#8230; repartir !<br /><br />C&rsquo;est finalement en Novembre 2017, que je réalise un nouveau voyage, mais cette fois ci, uniquement à Tokyo. Il y a tellement à faire et à refaire dans la capitale. <br /><br />En 2019 j&rsquo;ai une nouvelle opportunité, retourner et faire visiter le Japon.<br />C&rsquo;est donc moi qui suis en charge de tout organiser.</p>



<p><strong>Avril 2020</strong></p>



<p>Après plusieurs changements de date/période, c&rsquo;est désormais décidé, le voyage se fera fin Mars &#8211; début Avril 2020. Il s&rsquo;agit des mêmes dates que mon premier voyage en 2014. Je pourrais donc comparer le Japon avec 6 ans d&rsquo;écart.</p>



<p><strong>Et déjà des idées plein la tête</strong></p>



<p>Un quatrième voyage est déjà dans la tête, avec notamment l&rsquo;envie de visiter l&rsquo;arrière pays, mais pour l&rsquo;instant pas de date fixée.</p>


<hr class="wp-block-separator" />


<p class="has-very-light-gray-background-color has-background">Update de septembre 2020 :</p>



<p>Finalement je ne suis pas parti, l&rsquo;année 2020 marquée par le COVID aura eu raison du voyage, mais le blog vit, le planning est prêt à être transposer dès que l&rsquo;on pourra de nouveau voyager.<br /><br />Le projet du 4ème voyage devient une réalité, 2023 l&rsquo;année est choisie, il reste a avoir des idées et trouver les meilleures dates suivant les festivals etc &#8230;</p>


<hr class="wp-block-separator" />


<p class="has-very-light-gray-background-color has-background">Update de Janvier 2021 :</p>



<p>Nouvelle année, espérant enfin pouvoir partir, même si c&rsquo;est mal parti. Le Japon vient tout juste de refermer ces frontières à tous les étrangers et ce jusqu&rsquo;à fin janvier.<br />Mais 2021 cela va bientôt faire 1 an qu&rsquo;on ne peut pas voyager, je doute que le Japon puisse se permettre de bloquer les touristes une 2ème année de suite pendant les sakura (mars- avril) , d&rsquo;autant que le parc Nintendo va ouvrir en début d&rsquo;année (février). Et pour couronner le tout les JO de 2020, repoussés à Juin 2021 &#8230; Il faudra bien que les frontières soient ouvertes, mais dans qu&rsquo;elles conditions ?!<br />Bref pour l&rsquo;instant mon état d&rsquo;esprit pour le voyage de mars 2020, est plutôt de partir en Novembre 2021 de manière.</p>



<p>&nbsp;</p>

<p>3 voyages, ou presque &#8230; Amoureux du Japon depuis tout petit, j&rsquo;ai toujours accroché aux différents univers.Naturellement tout à commencé avec les animés, puis les films d&rsquo;animations &#8230; L&rsquo;amour va plus loin lorsqu&rsquo;en Mars 2014, je réalise mon premier voyage au pays du soleil levant.Un voyage de 3 semaines, à travers le Japon Tokyo, Kyoto, [&hellip;]</p>
